Let o be (1/3)/(1/195). Suppose 0 = -3*d + o + 4. What is the units digit of d?
3
Let d(f) = 3*f - 12. What is the tens digit of d(15)?
3
Suppose -3*l + 10 + 2 = 0. Suppose -k - 4*i = -2*k + 18, l*k = 4*i + 48. What is the units digit of k?
0
Suppose 4*q + 9 = 6*z - 3*z, -5*z - 3*q = -44. What is the units digit of ((-9)/2)/(z/(-14))?
9
Let n(u) = 5*u. Let r be n(1). Suppose -m - 12 = -r*m. What is the units digit of m?
3
Let b(q) = 4*q. Let j = -11 + 19. What is the units digit of b(j)?
2
Let b(w) be the first derivative of -w**4/2 - 2*w**3/3 - w + 3. What is the units digit of b(-2)?
7
Let m = -3 + 14. Let g(v) = -v**2 + 11*v + 12. What is the units digit of g(m)?
2
Suppose 3*j - 124 = 11. What is the units digit of j?
5
Let v be 1 - (-99 - 6/2). Suppose -5*q - 3 = -v. What is the tens digit of q?
2
Let s = 633 - 435. Suppose -4*g = -3*i + s, -g + 0*g = -3*i + 54. What is the tens digit of (-8)/(-20) - g/5?
1
Suppose 12 + 2 = 3*y + 2*l, -3*l + 2 = -5*y. Suppose -116 = -4*z - n, -y*z + 5*n - n = -58. What is the tens digit of z?
2
Suppose 4*w + 3*u - 121 = 0, -w - u - 73 = -3*w. What is the units digit of w?
4
Let p be (15/9)/(2/(-42)). What is the units digit of (p/25)/(2/(-10))?
7
Let t(o) = o. Let d be t(0). Suppose -2*p - 3*p + b + 128 = d, b = -3*p + 72. What is the units digit of p?
5
Let m(d) = 3*d**2 - 3*d + 1. Let t be m(-3). Let i = t - -16. What is the tens digit of i?
5
Suppose -4*z = -0*z - 68. What is the tens digit of z?
1
Let w be 25 + (1 - 0 - -1). Let z = w - 17. What is the units digit of z?
0
Let q be 2/8 + (-39)/(-4). Suppose q + 2 = 3*l. Suppose 2*p - l = -2*r, -4*p = 1 + 3. What is the units digit of r?
3
Let i be 11/3 - 4/(-12). Let v = i - 2. What is the units digit of v?
2
Suppose -m + 0*m = 3. Let a = -6 - m. What is the units digit of (-4)/a*(-18)/(-4)?
6
Let s = -15 + 27. Suppose 4*q = s + 4. What is the units digit of q?
4
Suppose j = 4*v - 2*v + 109, 0 = 4*j - 4*v - 452. What is the tens digit of j?
1
Suppose 2*w - 10 = 0, 1 = 4*h + w - 4. Suppose 0 = -h*k + 4*k - 88. What is the tens digit of k?
2
What is the units digit of 0 + 1 - (-55)/5?
2
Let u = -7 - -17. What is the units digit of (-1 + -59)*(-8)/u?
8
Let j = -27 + -27. Let o = 81 + j. Let t = o - 10. What is the units digit of t?
7
Let t(u) = u**2 + 3*u - 4. Let l be t(-4). Suppose -3 = -3*o + 6. Suppose o*y = l, -5*y = 6*j - j - 25. What is the units digit of j?
5
Let l = -5 + 7. Let y = l - -1. Suppose -3*v = -2*i - i, -y*v - 3*i = -12. What is the units digit of v?
2
Suppose 0 = -4*m + 12, 5*m - m = 4*k - 404. What is the hundreds digit of k?
1
Suppose z + 4 = 23. What is the units digit of z?
9
Suppose -4*j + 2*t = 6, 2*j = -3*j + t - 6. Let p be -3 + (1 - j) + 0. Let w = p + 3. What is the units digit of w?
2
Suppose 12 = -2*u + 5*u. Suppose -u*b - 7 + 23 = 0. Suppose -b - 13 = -p. What is the tens digit of p?
1
Suppose 4*m = -3*z + 2*m + 47, 0 = 5*z + 2*m - 81. Let n = 43 - z. What is the units digit of n?
6
Let d(w) = 5*w - 18. What is the tens digit of d(8)?
2
Suppose -2*p + 80 = 3*y, -3*y + 6*y = 5*p + 73. What is the units digit of y?
6
Suppose 2*j - 3*j = -3*p + 62, -68 = -3*p - 5*j. Suppose -3*h + 36 = -p. What is the tens digit of h?
1
Let z(v) = 4*v - 3. Let q be z(2). Let d = 0 + q. Suppose d*l = 1 + 14. What is the units digit of l?
3
Suppose -t + 247 = -73. What is the tens digit of t?
2
Let t be 57/6 - 3/(-6). Let w = 17 - t. Let y = w - -1. What is the units digit of y?
8
Let j(o) = -o**3 + 6*o**2 + 2*o - 6. Let g be 4 - -3*(-6)/9. Let l be -4*g/(-4) + 4. What is the units digit of j(l)?
6
What is the tens digit of -5 + 5/(10/248)?
1
What is the tens digit of 1764/99 - 2/(-11)?
1
Suppose -5 = -2*m + 1. Suppose -3*d - m*i = 0, -6 = 2*i + 4. What is the units digit of d?
5
Let w = -133 + 186. What is the tens digit of w?
5
Suppose -3*z = -0*r + r, 0 = 4*r - 4*z + 32. What is the units digit of (r/4)/((-21)/56)?
4
Suppose 2*d + 4*v - 32 = -6, -5*v + 7 = d. What is the units digit of d?
7
Suppose -2*l = -5*o - 69, 2*o - 27 = -2*l + 7. What is the tens digit of l?
2
Let d = -19 + 21. Suppose -5*i + 36 + 19 = d*b, 27 = 4*i + 5*b. What is the tens digit of i?
1
Let c(v) = -v + 2. Suppose 5*j + 6 = -4. Let m be c(j). Suppose q + m = -3*w, 0 = q - 4*w - 2 - 29. What is the tens digit of q?
1
Let u = 31 + -15. What is the tens digit of u?
1
Let s(f) = -f**3 + 4*f**2 - 2. Let v be 1/(2 + 15/(-9)). Let t(x) = 2*x**3 - 4*x**2 - x + 3. Let k(w) = v*s(w) + 2*t(w). What is the units digit of k(-4)?
8
Suppose -2*d - 1 = t - 61, -3*t = -2*d - 188. What is the tens digit of t?
6
Suppose 33*z = 37*z - 1104. What is the hundreds digit of z?
2
Suppose 7 - 5 = 2*f. Suppose 3*n = 2*n - f, 0 = -2*l - 4*n + 94. What is the units digit of l?
9
Let b(p) = p**3 - p**2 + 3. Let c be b(0). Suppose 5*g + 3*q = 128, -c*g + 2*g + 48 = -5*q. What is the units digit of g?
8
Let m be 1*(1 + -7) + 1. Let z be (-2)/m*(-2 + -3). What is the units digit of 5*3*z/(-6)?
5
Suppose 40 = 3*l - 20. Suppose -2*v = -0*v - l. What is the tens digit of v?
1
Let i = 51 + -49. What is the units digit of i?
2
Suppose -2*d + 23 = 3*k, 5*d - 17 + 72 = 5*k. Let m be (k/(-6))/(-3)*-2. Let p(b) = -13*b**3. What is the tens digit of p(m)?
1
Let m be ((-7)/(-2))/((-3)/(-18)). Let t(h) = -h**2 - 2. Let b be t(3). Let q = b + m. What is the tens digit of q?
1
What is the units digit of 85*((-14)/(-35))/((-4)/(-10))?
5
Let r be 1/4 + 15/4. Suppose r*h = 3*h + 4. Suppose h*v - 9 = -5*c, -4*v + 0 = 2*c - 6. What is the units digit of c?
1
Suppose 0*z - 2*z + 80 = 0. What is the units digit of z?
0
What is the units digit of (-6)/(-8) + -3279*3/(-36)?
4
Let b = 6 + 0. Suppose 16 = 2*g + b. Suppose -3*j + 2*j = -k, -3*j - 2*k + g = 0. What is the units digit of j?
1
Suppose p - 5*m = 10, -10 = -2*p + m + 1. Suppose -3*l - p*f = -4*f - 18, -2*f = -2*l + 12. What is the units digit of l?
6
Let n = 151 - 83. What is the tens digit of n?
6
Suppose -26*i = -21*i - 650. What is the tens digit of i?
3
Let s(c) = -2*c + 19. What is the units digit of s(5)?
9
Let h = -10 - -18. What is the tens digit of 12/h*(-52)/(-3)?
2
Let m = -25 - -16. Let c be ((-4)/6)/(2/m). Suppose -3*g + h = -61, -95 = -g - 4*g + c*h. What is the units digit of g?
2
Let f(x) = x + 4. Let y be f(-4). Let r be (y/2)/(-1 - -4). Suppose r = 3*v + 12, -7 - 9 = -2*d - 5*v. What is the units digit of d?
8
Let k be (-5)/(-2)*(-12)/(-15). Suppose 3*p = -k*a + 7*p - 24, -3*a - 32 = -5*p. Let i = 3 - a. What is the units digit of i?
7
Suppose 4*o - 24 = 4*h, -5*h - 12 = -0*o - 2*o. Let l(y) = y**3 - 4*y**2 - 6*y - 6. What is the units digit of l(o)?
0
What is the units digit of (444/3)/4 - 2?
5
Let x(a) = 13*a - 10. What is the hundreds digit of x(18)?
2
Suppose -6*u = -3*u. Let g = u + 2. What is the units digit of 2*(1 + 3) - g?
6
Let j be (30/3)/(-5 + 7). Let f = j - -2. What is the units digit of f?
7
Suppose 12 = -5*g + 32. Suppose 0*h = h. Suppose h = 2*m - g*m + 16. What is the units digit of m?
8
Let d(z) = -z**2 - 22*z - 11. What is the tens digit of d(-19)?
4
What is the tens digit of (-805)/(-46)*(-3)/(6/(-4))?
3
Let x(u) = -u - 2. Let f be 42/(-9) - (-4)/6. Let q(c) = 2*c + 3. Let v be q(f). What is the units digit of x(v)?
3
Let q(j) = -j**2 - 13*j + 10. What is the tens digit of q(-10)?
4
Let f be -1 + 2 - (-2 - 1). What is the tens digit of 544/18 - f/18?
3
Suppose 5*q - 2 = m - 36, -5*m + 4*q = -128. What is the units digit of m?
4
Suppose -3*j - q - 10 = 0, -5*j - 20 = 5*q + 10. Let d = j - -4. Suppose -5*b + d*a + 25 = 0, -3*b + 10 = 2*a - 21. What is the units digit of b?
7
What is the tens digit of (-5)/15*(-196 - -1)?
6
Suppose d - 1 = 2*d, -2*a + 2*d = -92. What is the units digit of a?
5
Suppose 3*u - 5 - 1 = 0. Suppose -u*r + 3 = r. Suppose 5*l + 26 = a, -3*l = 11 + r. What is the units digit of a?
6
Let u = 17 - 12. Suppose -4*y = a - 0*a - 23, 2*y + u*a = -11. Suppose y*o = 2*o + 20. What is the units digit of o?
4
Let j(s) = -s**3 - 8*s**2 - 18*s - 5. What is the tens digit of j(-5)?
1
What is the tens digit of ((-202)/2*-1 - -3) + 2?
0
Let u(l) = 5*l**3 - 7*l**2 + 19*l - 13. What is the hundreds digit of u(4)?
2
Let f be -3 - (3 + -4)*12. Let b be (-403)/f + 8/(-36). What is the units digit of (2/(-6))/(1/b)?
5
Su